*v + 90. What is the remainder when 2992 is divided by k(-17)?
72
Let f(g) be the second derivative of g**5/10 + 5*g**4/6 + 11*g**3/6 + 24*g**2 - 101*g - 1. What is the remainder when 65 is divided by f(-4)?
29
Let z(a) = 35*a - 32. Let w(f) = 9 + 0*f**2 + f**2 + 0. What is the remainder when z(3) is divided by w(4)?
23
Let c(u) = 7*u**2 + 7*u - 3. Let h be c(-4). Let o = h + -57. What is the remainder when 7458/110 + (-1)/(-5) is divided by o?
20
Calculate the remainder when (6/(-9))/(12/(-138420)*10) is divided by 255.
4
Let b = -26 - -12. Let l = -11 - b. Suppose 20 = 9*j - 7. What is the remainder when l is divided by j?
0
Let m(g) = g**2 + g + 46. Let p be m(0). Let d = -4 + p. Let f = 59 - -22. Calculate the remainder when f is divided by d.
39
Let t be (211 - -9)*(2 - (0 + 1)). Suppose -99*f + t = -88*f. Calculate the remainder when 146 is divided by f.
6
Let w(r) = -r**3 - 43*r**2 - 363*r - 93. What is the remainder when w(-10) is divided by -1 + 40 - (-1 - 0)?
37
Let z be (-3)/(-2 - 4/(-4)). Suppose 354 = z*w - 3*v - 0*v, 5*v - 427 = -4*w. What is the remainder when w is divided by 41?
31
Suppose 13*f + 20*f - 15 = 678. What is the remainder when 495 is divided by f?
12
Let k be 7/(-6) + 4 + (-1)/(-6). Suppose -4*u = 3*i - 298, 3*u - k*i + 70 = 4*u. What is the remainder when u is divided by 11?
10
Suppose 18*d - 372 - 258 = 0. What is the remainder when 116 is divided by d?
11
Let b(s) = s**2 - 1. Let i(q) = q**2 + 20*q - 14. Let z(j) = -3*b(j) + i(j). Calculate the remainder when (-16 - -13)/(2/(488/(-6))) is divided by z(6).
11
What is the remainder when 10*62 + 3392/(-212) is divided by 382?
222
Let s = -81 - -99. Let x = -15 + s. Suppose x*n = 5*i + 61, -i + 93 = 3*n + 26. What is the remainder when n is divided by 4?
2
Suppose -2*t + 4524 = 11*t. Suppose 6*v + 6*v = t. Suppose 0*u - 5*u = -420. What is the remainder when u is divided by v?
26
Let r(z) = z**3 + 5*z**2 - 2*z + 3. Suppose h - 3 = -0. Let v be (10/h)/(8/(-12)). Calculate the remainder when r(v) is divided by 6.
1
Let y(w) = 2*w + 41. Let l be y(-18). Suppose -l*k + 63 = -12*k. What is the remainder when k/21*-1 - 2870/(-49) is divided by 12?
11
Let g = -2349 + 4163. Calculate the remainder when g is divided by 4.
2
Let f = 7580 + -7357. Calculate the remainder when f is divided by 33.
25
Suppose 6*y + 2*y = -0*y + 712. Calculate the remainder when 620 is divided by y.
86
Let n = -1204 - -1220. Calculate the remainder when n is divided by 4.
0
Suppose -5*b = v - 1361, 0 = -3*b - 3*v + 7*v + 812. Suppose 0 = 13*k - 5*k - b. What is the remainder when k is divided by 25?
9
Suppose u - 32 = n - 7, n = -3*u + 71. Let m = u + -14. Calculate the remainder when (9/(-2))/(1/(-4)) is divided by m.
8
Suppose -159 = -3*q + 18. Suppose 23*m + 4*f = 21*m + 50, -4*f - 25 = -3*m. What is the remainder when q is divided by m?
14
Let g = 35122 - 34991. What is the remainder when g is divided by 61?
9
Let s(y) = 21*y**2 + 6*y - 5. Let a be 3*(3 + 145/(-15)). Let h = a + 21. Calculate the remainder when 41 is divided by s(h).
19
Let t = 51 + -141. Let p = t - -95. Suppose w = p*w - 60. Calculate the remainder when 54 is divided by w.
9
Let l = 43 + -36. What is the remainder when (-45 + -2)/(-1 - 0) is divided by l?
5
Suppose -y - 2*y = 5*a - 6, 0 = y + a - 4. Suppose 4*r - 3*d - 25 - y = 0, 2*r - 16 = -5*d. Calculate the remainder when 30 is divided by r.
6
Let l be (10/(-8))/((-1)/4). Suppose l*v + 264 = -26*r + 28*r, 3*v = -6. What is the remainder when r is divided by 33?
28
Let s(m) = 885*m - 2723. What is the remainder when s(26) is divided by 64?
63
Let n = 460 + -254. Suppose 3*k - 15 = -3*l + 216, -l - 207 = -3*k. Calculate the remainder when n is divided by k.
64
Let x be 7/14*7*-2. Calculate the remainder when 133 + -6*x/(-14) is divided by 66.
64
Let p(b) = 7 + 12 + 32*b - 41 + 12. Calculate the remainder when p(1) is divided by 15.
7
Calculate the remainder when 16/10 - (32361/(-115) + 3) is divided by 69.
4
Suppose o - 8 = -o + 2*b, -5*o + 3*b = -12. Suppose o*w = 2*w - 282. Suppose 0 = -5*g + w + 469. What is the remainder when g is divided by 42?
38
Suppose 48 = -12*o + 3420. Let n = 347 - o. What is the remainder when 152 is divided by n?
20
Suppose -54*g = -2776 - 464. Calculate the remainder when g is divided by 52.
8
Suppose -4*c + 8118 = -3*h, -h - 4*h - 10150 = -5*c. What is the remainder when c is divided by 2019?
9
Suppose 0 = -2*y + 3*y - 5. Let q = 1156 - 1151. Suppose -j - 4 + y = 0, -q*o - 2*j = -642. What is the remainder when o is divided by 10?
8
Suppose -6*s - 182 = -8*s. Let y(n) = 4*n**3 + 2*n**2 - 4*n + 7. Let u be y(2). Let r = u + -19. What is the remainder when s is divided by r?
11
Suppose -15*j - 5500 + 14605 = 0. What is the remainder when j is divided by 202?
1
Let h(o) = 0*o + 2*o - 3 + 9*o + 5*o. What is the remainder when 135 is divided by h(2)?
19
Suppose 2*d = -5*o + 233, -184*o + 180*o = -2*d + 188. Calculate the remainder when 830 is divided by d.
102
Calculate the remainder when 74 is divided by (18 - 12) + 4/4.
4
Suppose 493 - 385 = 3*s - 1386. What is the remainder when 1503 is divided by s?
9
Suppose i + 27 = 4*i. Suppose -5*c - 532*n + 528*n + 227 = 0, 0 = -4*c - n + 197. What is the remainder when c is divided by i?
6
Let s(n) = 843*n + 5076. Calculate the remainder when s(5) is divided by 101.
100
Suppose -22*r + 12 = -18*r. Suppose 6*f = 2*h + 9*f - 639, r*h + 3*f - 960 = 0. What is the remainder when h is divided by 17?
15
Calculate the remainder when (-125 + -533)/(12/(-53)) - 1/6 is divided by 57.
56
Suppose 5*p - 6*p - 71 = 0. Let d be (p - -1)/(-9 - -10). Let g = d + 85. What is the remainder when 42 is divided by g?
12
Let b(c) = -c + 37. Suppose 0 = -3*x, 0 = -4*n + x - 2*x + 16. Suppose -t = -2*p - 17, -n*t - p = p - 78. What is the remainder when 69 is divided by b(t)?
15
Suppose 31*i = 32*i - 20. Suppose i*z - 9589 = -429. Calculate the remainder when z is divided by 46.
44
What is the remainder when (9/((-144)/28))/(1/(-8)) is divided by 0 - -4 - (-33 + 35)?
0
Suppose -454 = 7*w + 918. Let t = w + 283. Calculate the remainder when t is divided by 64.
23
Let p = -201 - -340. Let i = p + -132. What is the remainder when 13 is divided by i?
6
Let o be (-236)/(-3) - (-14)/42. Suppose o + 191 = 3*d + 3*c, 0 = 4*d - c - 345. What is the remainder when d is divided by 15?
12
Let o be (-4 - -10) + 23 + -4. Let z = o + 92. Calculate the remainder when z is divided by 34.
15
Suppose -520 + 124 = -33*f. What is the remainder when 15 is divided by f?
3
Let l be 1/(-2 - 55/(-25)). Suppose l*p + m = 97, 17 = 5*p - 4*p + m. Suppose -4*u + 3*u + 59 = 0. Calculate the remainder when u is divided by p.
19
Suppose 3*b - 15 = 0, -61*m - 3*b = -66*m + 120. Suppose 0 = 4*d + 381 - 1553. What is the remainder when d is divided by m?
23
Let n = -14 - -18. Suppose 2*r = -r - d + 53, -n*r = 3*d - 74. Calculate the remainder when (36/16)/(9/(-6))*-22 is divided by r.
16
Let m = -3758 + 3778. Calculate the remainder when 1/3 + 407/3 is divided by m.
16
Suppose -5*g + 1248 = -21*g. Let m = g + 173. What is the remainder when m is divided by 16?
15
Suppose k = 4*a - 226, 5*a = -0*a - 4*k + 272. Let w(i) = 1171*i + 9647. Calculate the remainder when w(-8) is divided by a.
55
Suppose -66 = -6*z - 282. Let k = z + 49. What is the remainder when 43 is divided by k?
4
Suppose 0 = 6*z - 18. Suppose 15 + 10 = 5*p + 5*c, 2*p - 16 = c. Calculate the remainder when p is divided by z.
1
Let s = -24125 - -24239. What is the remainder when s is divided by 18?
6
Suppose 2*d - 632 = -2*d. Let p = 1225 + -1172. What is the remainder when d is divided by p?
52
Suppose 3*i + 0*i - 534 = 0. What is the remainder when i is divided by (-9 - (-1)/(2/16))*-10*6?
58
Suppose j - 43 + 110 = -5*s, -3*j + s = 121. Let i be j/30 - 3/5. What is the remainder when 1309/55 - (i - (-14)/5) is divided by 12?
11
Let y(x) = 3*x**2 - 11*x + 129. Let a be y(7). Let r = -155 + a. Calculate the remainder when r is divided by -2 - -7 - (-2 + -1).
4
Let j(l) = l**2 - 6*l + 4. Suppose -2387 = -84*b - 707. Calculate the remainder when j(12) is divided by b.
16
Let h(p) = 159*p - 840. Calculate the remainder when h(15) is divided by 42.
33
Let h = -3374 - -3932. Calculate the remainder w